lions digit of 253456026?
3
What is the thousands digit of 537611172?
1
What is the thousands digit of 710756867?
6
What is the hundred millions digit of 161976850?
1
What is the units digit of 15040077?
7
What is the hundred millions digit of 817313872?
8
What is the units digit of 85247677?
7
What is the hundred thousands digit of 485982125?
9
What is the tens digit of 143848312?
1
What is the tens digit of 25457291?
9
What is the hundred thousands digit of 612997603?
9
What is the hundred thousands digit of 52002396?
0
What is the thousands digit of 262192874?
2
What is the ten thousands digit of 88859986?
5
What is the tens digit of 95662680?
8
What is the ten millions digit of 11933752?
1
What is the units digit of 37946319?
9
What is the hundreds digit of 82224684?
6
What is the millions digit of 176826399?
6
What is the hundreds digit of 1104305710?
7
What is the ten millions digit of 50308385?
5
What is the hundreds digit of 224673711?
7
What is the hundred thousands digit of 8642655?
6
What is the tens digit of 3858098?
9
What is the hundred millions digit of 363445640?
3
What is the units digit of 98589894?
4
What is the thousands digit of 106122448?
2
What is the ten millions digit of 10932511?
1
What is the units digit of 1150838?
8
What is the tens digit of 371796545?
4
What is the units digit of 86186999?
9
What is the thousands digit of 376142729?
2
What is the thousands digit of 449499679?
9
What is the units digit of 2340094221?
1
What is the hundreds digit of 22890601?
6
What is the ten millions digit of 737142585?
3
What is the tens digit of 183976956?
5
What is the units digit of 750656490?
0
What is the hundred thousands digit of 293003507?
0
What is the hundred thousands digit of 780407193?
4
What is the hundreds digit of 136138257?
2
What is the hundred thousands digit of 5015193069?
1
What is the ten millions digit of 172942519?
7
What is the thousands digit of 1464096805?
6
What is the hundred millions digit of 846219671?
8
What is the tens digit of 72249674?
7
What is the hundred thousands digit of 480164288?
1
What is the millions digit of 180034342?
0
What is the ten millions digit of 433510425?
3
What is the ten thousands digit of 894854337?
5
What is the hundred thousands digit of 55600371?
6
What is the millions digit of 11321009?
1
What is the tens digit of 329722703?
0
What is the units digit of 75383920?
0
What is the ten millions digit of 21005023?
2
What is the tens digit of 48816811?
1
What is the hundred thousands digit of 88145532?
1
What is the ten millions digit of 125113127?
2
What is the millions digit of 5946576214?
6
What is the hundred thousands digit of 71864979?
8
What is the thousands digit of 615358461?
8
What is the hundred thousands digit of 1502599318?
5
What is the hundred thousands digit of 4180167140?
1
What is the hundreds digit of 1154762295?
2
What is the units digit of 146406652?
2
What is the ten millions digit of 351112146?
5
What is the ten thousands digit of 630377147?
7
What is the tens digit of 93798454?
5
What is the units digit of 11687314?
4
What is the ten thousands digit of 33101877?
0
What is the units digit of 113347692?
2
What is the ten thousands digit of 395091857?
9
What is the hundred millions digit of 1950400037?
9
What is the millions digit of 15514404?
5
What is the ten thousands digit of 149466455?
6
What is the ten thousands digit of 20111400?
1
What is the units digit of 36016442?
2
What is the tens digit of 4560109745?
4
What is the units digit of 2898354?
4
What is the ten thousands digit of 137476420?
7
What is the hundred thousands digit of 604859898?
8
What is the ten millions digit of 2431374773?
3
What is the hundreds digit of 5789256?
2
What is the tens digit of 58286682?
8
What is the hundreds digit of 1473036778?
7
What is the ten millions digit of 105259128?
0
What is the thousands digit of 190696171?
6
What is the ten thousands digit of 488140753?
4
What is the units digit of 45682188?
8
What is the billions digit of 6338199363?
6
What is the millions digit of 10044704?
0
What is the tens digit of 4073205?
0
What is the tens digit of 692295488?
8
What is the thousands digit of 66433545?
3
What is the hundred millions digit of 118837098?
1
What is the units digit of 146850165?
5
What is the thousands digit of 5105144?
5
What is the ten millions digit of 151442013?
5
What is the units digit of 283106811?
1
What is the ten thousands digit of 48106523?
0
What is the hundreds digit of 16409516?
5
What is the hundreds digit of 8926780?
7
What is the thousands digit of 1378033595?
3
What is the hundred thousands digit of 34447395?
4
What is the units digit of 37383073?
3
What is the tens digit of 86666225?
2
What is the hundred millions digit of 770048687?
7
What is the thousands digit of 77237647?
7
What is the units digit of 2253365364?
4
What is the ten millions digit of 705123418?
0
What is the ten millions digit of 393040191?
9
What is the units digit of 9576390?
0
What is the units digit of 1341911933?
3
What is the ten millions digit of 678786290?
7
What is the ten millions digit of 3966628911?
6
What is the units digit of 4010475805?
5
What is the hundred thousands digit of 86957047?
9
What is the units digit of 745179?
9
What is the thousands digit of 267747707?
7
What is the hundreds digit of 104511799?
7
What is the hundred millions digit of 4019301587?
0
What is the thousands digit of 533165?
3
What is the ten thousands digit of 757816284?
1
What is the hundred thousands digit of 127581366?
5
What is the hundreds digit of 1932280131?
1
What is the tens digit of 19149963?
6
What is the units digit of 832433885?
5
What is the millions digit of 191759956?
1
What is the units digit of 1162429657?
7
What is the tens digit of 2252540283?
8
What is the ten thousands digit of 166511126?
1
What is the tens digit of 3547335533?
3
What is the ten thousands digit of 58412753?
1
What is the hundred thousands digit of 302723466?
7
What is the units digit of 61463107?
7
What is the billions digit of 3050395047?
3
What is the ten thousands digit of 5162732?
6
What is the tens digit of 74052816?
1
What is the hundred thousands digit of 189507905?
5
What is the tens digit of 1297617137?
3
What is the hundred thousands digit of 515442012?
4
What is the ten thousands digit of 134466477?
6
What is the ten millions digit of 11626741?
1
What is the ten thousands digit of 81587952?
8
What is the thousands digit of 459466181?
6
What is the hundred millions digit of 2298249932?
2
What is the hundred millions digit of 182251336?
1
What is the ten thousands digit of 6864826651?
2
What is the millions digit of 2635653876?
5
What is the ten thousands digit of 5737885?
3
What is the units digit of 125561410?
0
What is the thousands digit of 472455871?
5
What is the hundreds digit of 140886148?
1
What is the thousands digit of 41172493?
2
What is the units digit of 626631042?
2
What is the hundred thousands digit of 120263730?
2
What is the millions digit of 407750549?
7
What is the thousands digit of 35473028?
3
What is the tens digit of 2411835839?
3
What is the millions digit of 166346400?
6
What is the millions digit of 67520748?
7
What is the thousands digit of 1965312107?
2
What is the ten thousands digit of 4359937658?
3
What is the ten millions digit of 292991247?
9
What is the hundred millions digit of 152916044?
1
What is the thousands digit of 256855852?
5
What is the hundreds digit of 329363961?
9
What is the thousands digit of 12434419?
4
What is the hundreds digit of 435622748?
7
What is the ten millions digit of 215957795?
1
What is the ten thousands digit of 356557272?
5
What is the ten millions digit of 38069464?
3
What is the ten thousands digit of 907877794?
7
What is the millions digit of 482813708?
2
What is the hundred thousands digit of 9382325?
3
What is the hundred millions digit of 689496236?
6
What is the billions digit of 2144355697?
2
What is the hundred thousands digit of 367273217?
2
What is the thousands digit of 87850307?
0
What is the millions digit of 460713297?
0
What is the ten thousands digit of 1638064834?
6
What is the millions digit of 21454553?
1
What is the hundred thousands digit of 3209897253?
8
What is the units digit of 3560